{"id":2,"date":"2023-06-27T14:28:37","date_gmt":"2023-06-27T12:28:37","guid":{"rendered":"https:\/\/restaurant-de.berghotelladinia.it\/?page_id=2"},"modified":"2023-12-13T12:01:43","modified_gmt":"2023-12-13T11:01:43","slug":"berghotel-ladinia-das-ristorante","status":"publish","type":"page","link":"https:\/\/restaurant-de.berghotelladinia.it\/","title":{"rendered":"Home page"},"content":{"rendered":"<div class=\"wpb-content-wrapper\"><p>[vc_row content_placement=&#8220;middle&#8220; css_animation=&#8220;appear&#8220; css=&#8220;.vc_custom_1687876957267{padding-top: 1em !important;padding-bottom: 2em !important;}&#8220; el_class=&#8220;p-2 p-lg-0&#8243; el_id=&#8220;ristorante&#8220;][vc_column width=&#8220;1\/2&#8243;][vc_column_text]DAS RESTAURANT<\/p>\n<h1>Jenseits Der Ladinischen Tradition<\/h1>\n<p>Im Berghotel Ladinia f\u00fchren wir mit einem L\u00e4cheln eine Tradition fort, die seit 1930 in Corvara und im Alta Badia als Synonym f\u00fcr Gastfreundschaft und Bewirtung gilt. Unser Restaurant, das zum Abendessen ge\u00f6ffnet ist, verw\u00f6hnt den Gaumen und w\u00e4rmt das Herz.[\/vc_column_text]<div class=\"button-wrapper sinistra\">\n\t\t\t<button type=\"button\" data-target=\"#cta-modal-69e4a56a680ee\" data-unique=\"69e4a56a680ee\" data-label=\"Reservieren sie jetzt ihren tisch\" data-form=\"6\" class=\"btn btn-default ajax-modal\" title=\"Reservieren sie jetzt ihren tisch\">Reservieren sie jetzt ihren tisch<\/button>\n\t\t<\/div>[\/vc_column][vc_column width=&#8220;1\/2&#8243;]<div id=\"carousel-69e4a56a68101\" class=\"carousel slide carousel-fade autosquare img-decorative\" data-delta=\"1.3333333333333\" data-bs-ride=\"carousel\">\n\t\t\t\t\n\t\t\t\t<div class=\"carousel-inner\">\n\t\t\t\t\t<div class=\"carousel-item active\">\n\t\t\t\t<div class=\"slide slide-0 autolazy\" title=\"Ladinia_Esterno-Inverno_IMG_9677_GW\" data-style=\"background-image:url('https:\/\/restaurant-de.berghotelladinia.it\/wp-content\/uploads\/2023\/12\/Ladinia_Esterno-Inverno_IMG_9677_GW-1024x682.jpg')\" >\n\t\t\t\t\t\n\t\t\t\t<\/div>\n\t\t\t<\/div>\n<div class=\"carousel-item\">\n\t\t\t\t<div class=\"slide slide-1 autolazy\" title=\"Ristorante-Berghotel-Ladinia-Corvara\" data-style=\"background-image:url('https:\/\/restaurant-de.berghotelladinia.it\/wp-content\/uploads\/2023\/06\/Ristorante-Berghotel-Ladinia-Corvara-1-1024x683.jpg')\" >\n\t\t\t\t\t\n\t\t\t\t<\/div>\n\t\t\t<\/div>\n<div class=\"carousel-item\">\n\t\t\t\t<div class=\"slide slide-2 autolazy\" title=\"Berghotel-Ladinia-Ristorante\" data-style=\"background-image:url('https:\/\/restaurant-de.berghotelladinia.it\/wp-content\/uploads\/2023\/12\/Berghotel-Ladinia-Ristorante-1024x683.jpg')\" >\n\t\t\t\t\t\n\t\t\t\t<\/div>\n\t\t\t<\/div>\n<div class=\"carousel-item\">\n\t\t\t\t<div class=\"slide slide-3 autolazy\" title=\"Berghotel-Ladinia-Ristorante-interno\" data-style=\"background-image:url('https:\/\/restaurant-de.berghotelladinia.it\/wp-content\/uploads\/2023\/12\/Berghotel-Ladinia-Ristorante-interno-1024x768.jpg')\" >\n\t\t\t\t\t\n\t\t\t\t<\/div>\n\t\t\t<\/div>\n\t\t\t\t<\/div>\n\t\t\t\t\n\t\t\t<\/div>[\/vc_column][\/vc_row][vc_row full_width=&#8220;stretch_row_content_no_spaces&#8220; el_class=&#8220;lace-decorated-top&#8220;][vc_column][\/vc_column][\/vc_row][vc_row full_width=&#8220;stretch_row&#8220; equal_height=&#8220;yes&#8220; content_placement=&#8220;middle&#8220; css_animation=&#8220;none&#8220; el_class=&#8220;white-decorated&#8220; css=&#8220;.vc_custom_1687958039253{padding-top: 2em !important;padding-bottom: 2em !important;}&#8220; el_id=&#8220;aldo-fornasari&#8220;][vc_column css_animation=&#8220;fadeInLeft&#8220; width=&#8220;1\/2&#8243;]<div class=\"image-wrapper img-decorative\">\n\t\t\t\t<figure title=\"Aldo-Fornasari-Ladinia\" class=\"autosquare\" data-delta=\"1.3333333333333\" data-style=\"background-image:url('https:\/\/restaurant-de.berghotelladinia.it\/wp-content\/uploads\/2023\/12\/Aldo-Fornasari-Ladinia-1024x683.jpg');\" >\n\t\t\t\t\t\n\t\t\t\t\t\n\t\t\t\t<\/figure>\n\t\t\t<\/div>[\/vc_column][vc_column css_animation=&#8220;fadeInLeft&#8220; width=&#8220;1\/2&#8243;][vc_column_text]ALDO FORNASARI<\/p>\n<h2 class=\"h1\">Das Wort Des K\u00fcchenschefs<\/h2>\n<div class=\"text\">\n<p>Aldo bewahrt gerne die Aromen der Tradition, erlaubt sich aber, sie appetitlicher und neugieriger zu machen. Und so ist die Tartar vom Pretzhof, Champignons, mariniertes Eigelb, hausgemachtes Brioche-Brot und feine Kr\u00e4uterbutter etwas, das \u00fcber eine einfache Vorspeise hinausgeht.<\/p>\n<\/div>\n<p>[\/vc_column_text]<div class=\"button-wrapper sinistra\">\n\t\t\t<button type=\"button\" data-target=\"#cta-modal-69e4a56a68a2e\" data-unique=\"69e4a56a68a2e\" data-label=\"Haben Sie Schon Reserviert?\" data-form=\"6\" class=\"btn btn-default ajax-modal\" title=\"Haben Sie Schon Reserviert?\">Haben Sie Schon Reserviert?<\/button>\n\t\t<\/div>[\/vc_column][\/vc_row][vc_row full_width=&#8220;stretch_row_content_no_spaces&#8220; el_class=&#8220;lace-decorated-bottom&#8220;][vc_column][\/vc_column][\/vc_row][vc_row content_placement=&#8220;middle&#8220; css_animation=&#8220;fadeInRight&#8220; css=&#8220;.vc_custom_1687877004971{margin-top: 2em !important;margin-bottom: 2em !important;padding-top: 2em !important;padding-bottom: 2em !important;}&#8220; el_class=&#8220;p-2 p-lg-0&#8243; el_id=&#8220;menu&#8220;][vc_column width=&#8220;1\/2&#8243;][vc_column_text]DAS MEN\u00dc<\/p>\n<h2 class=\"h1\">Essenz, Geschmack und Tradition<\/h2>\n<div class=\"text\">\n<p>Unser Men\u00fc basiert auf saisonale Zutaten und einem tiefen Respekt f\u00fcr die Rohstoffe, die auf m\u00f6glichst nat\u00fcrliche Weise verarbeitet werden.<br \/>\nUnsere Ladinische K\u00fcche vereint nur das Beste aus den Dolomiten und den Alpen. Qualit\u00e4t steht f\u00fcr uns an erste Stelle. Wir legen Wert auf die Herkunft der verwendeten Zutaten und pflegen eine vertrauensvolle und wertsch\u00e4tzende Beziehung zu unsere Lieferanten und Freunden.<\/p>\n<\/div>\n<p>[\/vc_column_text]<div class=\"button-wrapper sinistra\">\n\t\t\t<button type=\"button\" data-target=\"#cta-modal-69e4a56a68a5d\" data-unique=\"69e4a56a68a5d\" data-label=\"Kommen sie uns besuchen?\" data-form=\"6\" class=\"btn btn-default ajax-modal\" title=\"Kommen sie uns besuchen?\">Kommen sie uns besuchen?<\/button>\n\t\t<\/div>[vc_column_text css=&#8220;.vc_custom_1702465301634{margin-top: 1em !important;}&#8220;]<\/p>\n<ul class=\"menu-wines-list\">\n<li><a href=\"https:\/\/drive.google.com\/file\/d\/18ltbhnge317KwZ1NHSl2lhNbi1RQZJhw\/view\" target=\"_blank\" rel=\"noopener\">UNSER MEN\u00dc<\/a><\/li>\n<\/ul>\n<p>[\/vc_column_text][\/vc_column][vc_column width=&#8220;1\/2&#8243;]<div class=\"image-wrapper img-decorative\">\n\t\t\t\t<figure title=\"Berghotel-Ladinia-Ristorante-menu\" class=\"autosquare\" data-delta=\"1\" data-style=\"background-image:url('https:\/\/restaurant-de.berghotelladinia.it\/wp-content\/uploads\/2023\/12\/Berghotel-Ladinia-Ristorante-menu-819x1024.jpg');\" >\n\t\t\t\t\t\n\t\t\t\t\t\n\t\t\t\t<\/figure>\n\t\t\t<\/div>[\/vc_column][\/vc_row][vc_row full_width=&#8220;stretch_row_content_no_spaces&#8220; el_class=&#8220;lace-decorated-top&#8220;][vc_column][\/vc_column][\/vc_row][vc_row full_width=&#8220;stretch_row&#8220; equal_height=&#8220;yes&#8220; content_placement=&#8220;middle&#8220; css_animation=&#8220;none&#8220; css=&#8220;.vc_custom_1687437649670{padding-top: 2em !important;padding-bottom: 2em !important;}&#8220; el_class=&#8220;white-decorated&#8220;][vc_column css_animation=&#8220;fadeInLeft&#8220; width=&#8220;1\/2&#8243;]<div class=\"image-wrapper img-decorative\">\n\t\t\t\t<figure title=\"foto-vino\" class=\"autosquare\" data-delta=\"1\" data-style=\"background-image:url('https:\/\/restaurant-de.berghotelladinia.it\/wp-content\/uploads\/2023\/06\/foto-vino-1-1024x682.jpg');\" >\n\t\t\t\t\t\n\t\t\t\t\t\n\t\t\t\t<\/figure>\n\t\t\t<\/div>[\/vc_column][vc_column css_animation=&#8220;fadeInLeft&#8220; width=&#8220;1\/2&#8243;][vc_column_text]DIE WEINKARTE<\/p>\n<h2 class=\"&quot;h1\">Autentische \u00d6nologische Perlen<\/h2>\n<div class=\"text\">\n<p>Unsere Weinkarte ist ein kleiner Weinschatz mit einem gro\u00dfen Herz. Die Flaschen, die wir unseren G\u00e4sten servieren, stammen von einer Auswahl an originellen und authentischen Weing\u00fctern und Winzern, die haupts\u00e4chlich im S\u00fcdtiroler Raum und entlang des Alpenbogens liegen. Auch der Champagner kommt nicht zu kurz, ebenfalls von einer kleinen Kellerei, die mit viel Gef\u00fchl arbeitet. Vives!<\/p>\n<\/div>\n<p>[\/vc_column_text]<div class=\"button-wrapper sinistra\">\n\t\t\t<button type=\"button\" data-target=\"#cta-modal-69e4a56a68dd4\" data-unique=\"69e4a56a68dd4\" data-label=\"Treffen Wir Uns Zum Abendessen!\" data-form=\"6\" class=\"btn btn-default ajax-modal\" title=\"Treffen Wir Uns Zum Abendessen!\">Treffen Wir Uns Zum Abendessen!<\/button>\n\t\t<\/div>[vc_column_text css=&#8220;.vc_custom_1688632484886{margin-top: 1em !important;}&#8220;]<\/p>\n<ul class=\"menu-wines-list\">\n<li><a href=\"https:\/\/ristorante.berghotelladinia.it\/wp-content\/uploads\/2023\/06\/vini-ladinia.pdf\" target=\"_blank\" rel=\"noopener\">DIE WEINKARTE<\/a><\/li>\n<\/ul>\n<p>[\/vc_column_text][\/vc_column][\/vc_row][vc_row full_width=&#8220;stretch_row&#8220; content_placement=&#8220;middle&#8220; css=&#8220;.vc_custom_1687439038131{background-color: #fdecde !important;}&#8220;][vc_column css_animation=&#8220;appear&#8220;][vc_row_inner equal_height=&#8220;yes&#8220; content_placement=&#8220;middle&#8220; css=&#8220;.vc_custom_1687176469261{padding-top: 1em !important;padding-bottom: 1em !important;}&#8220;][vc_column_inner width=&#8220;1\/2&#8243;][vc_column_text]<\/p>\n<h2>\u00d6ffnungszeiten<\/h2>\n<div class=\"text\">\n<p>Das Restaurant ist ge\u00f6ffnet<br \/>\nvon 19.00 bis 21.00 Uhr.<br \/>\n<a href=\"tel:+390471836010\">T +39 0471 836010<\/a><\/p>\n<\/div>\n<p>[\/vc_column_text]<div class=\"button-wrapper sinistra\">\n\t\t\t<button type=\"button\" data-target=\"#cta-modal-69e4a56a68dfe\" data-unique=\"69e4a56a68dfe\" data-label=\"Reservieren Sie Ihren Tisch\" data-form=\"6\" class=\"btn btn-default ajax-modal\" title=\"Reservieren Sie Ihren Tisch\">Reservieren Sie Ihren Tisch<\/button>\n\t\t<\/div>[\/vc_column_inner][vc_column_inner width=&#8220;1\/2&#8243;]<div class=\"image-wrapper\">\n\t\t\t\t<figure title=\"foto-ristorante\" class=\"autosquare\" data-delta=\"1.3333333333333\" data-style=\"background-image:url('https:\/\/restaurant-de.berghotelladinia.it\/wp-content\/uploads\/2023\/06\/foto-ristorante-1.jpg');\" >\n\t\t\t\t\t\n\t\t\t\t\t\n\t\t\t\t<\/figure>\n\t\t\t<\/div>[\/vc_column_inner][\/vc_row_inner][\/vc_column][\/vc_row]<\/p>\n<\/div>","protected":false},"excerpt":{"rendered":"<p>[vc_row content_placement=&#8220;middle&#8220; css_animation=&#8220;appear&#8220; css=&#8220;.vc_custom_1687876957267{padding-top: 1em !important;padding-bottom: 2em !important;}&#8220; el_class=&#8220;p-2 p-lg-0&#8243; el_id=&#8220;ristorante&#8220;][vc_column width=&#8220;1\/2&#8243;][vc_column_text]DAS RESTAURANT Jenseits Der Ladinischen Tradition Im Berghotel Ladinia f\u00fchren wir mit einem L\u00e4cheln eine Tradition fort, die seit 1930 in Corvara und im Alta Badia als Synonym f\u00fcr Gastfreundschaft und Bewirtung gilt. Unser Restaurant, das zum Abendessen ge\u00f6ffnet ist, verw\u00f6hnt den Gaumen und [&hellip;]<\/p>\n","protected":false},"author":1,"featured_media":0,"parent":0,"menu_order":0,"comment_status":"closed","ping_status":"closed","template":"","meta":{"_acf_changed":false,"footnotes":""},"class_list":["post-2","page","type-page","status-publish","hentry"],"acf":[],"yoast_head":"<!-- This site is optimized with the Yoast SEO plugin v27.4 - https:\/\/yoast.com\/product\/yoast-seo-wordpress\/ -->\n<title>Home page - Restaurant Berghotel Ladinia<\/title>\n<meta name=\"description\" content=\"Das zum Abendessen ge\u00f6ffnete Restaurant im Berghotel Ladinia verw\u00f6hnt den Gaumen und w\u00e4rmt das Herz. Seit 1930 Gastfreundschaft und Empfang in Corvara.\" \/>\n<meta name=\"robots\" content=\"index, follow, max-snippet:-1, max-image-preview:large, max-video-preview:-1\" \/>\n<link rel=\"canonical\" href=\"https:\/\/restaurant-de.berghotelladinia.it\/\" \/>\n<meta property=\"og:locale\" content=\"de_DE\" \/>\n<meta property=\"og:type\" content=\"article\" \/>\n<meta property=\"og:title\" content=\"Home page - Restaurant Berghotel Ladinia\" \/>\n<meta property=\"og:description\" content=\"Das zum Abendessen ge\u00f6ffnete Restaurant im Berghotel Ladinia verw\u00f6hnt den Gaumen und w\u00e4rmt das Herz. Seit 1930 Gastfreundschaft und Empfang in Corvara.\" \/>\n<meta property=\"og:url\" content=\"https:\/\/restaurant-de.berghotelladinia.it\/\" \/>\n<meta property=\"og:site_name\" content=\"Restaurant Berghotel Ladinia\" \/>\n<meta property=\"article:modified_time\" content=\"2023-12-13T11:01:43+00:00\" \/>\n<meta name=\"twitter:card\" content=\"summary_large_image\" \/>\n<meta name=\"twitter:label1\" content=\"Gesch\u00e4tzte Lesezeit\" \/>\n\t<meta name=\"twitter:data1\" content=\"3\u00a0Minuten\" \/>\n<script type=\"application\/ld+json\" class=\"yoast-schema-graph\">{\"@context\":\"https:\\\/\\\/schema.org\",\"@graph\":[{\"@type\":\"WebPage\",\"@id\":\"https:\\\/\\\/restaurant-de.berghotelladinia.it\\\/\",\"url\":\"https:\\\/\\\/restaurant-de.berghotelladinia.it\\\/\",\"name\":\"Home page - Restaurant Berghotel Ladinia\",\"isPartOf\":{\"@id\":\"https:\\\/\\\/restaurant-de.berghotelladinia.it\\\/#website\"},\"datePublished\":\"2023-06-27T12:28:37+00:00\",\"dateModified\":\"2023-12-13T11:01:43+00:00\",\"description\":\"Das zum Abendessen ge\u00f6ffnete Restaurant im Berghotel Ladinia verw\u00f6hnt den Gaumen und w\u00e4rmt das Herz. Seit 1930 Gastfreundschaft und Empfang in Corvara.\",\"breadcrumb\":{\"@id\":\"https:\\\/\\\/restaurant-de.berghotelladinia.it\\\/#breadcrumb\"},\"inLanguage\":\"de\",\"potentialAction\":[{\"@type\":\"ReadAction\",\"target\":[\"https:\\\/\\\/restaurant-de.berghotelladinia.it\\\/\"]}]},{\"@type\":\"BreadcrumbList\",\"@id\":\"https:\\\/\\\/restaurant-de.berghotelladinia.it\\\/#breadcrumb\",\"itemListElement\":[{\"@type\":\"ListItem\",\"position\":1,\"name\":\"Home\",\"item\":\"https:\\\/\\\/restaurant-de.berghotelladinia.it\\\/\"},{\"@type\":\"ListItem\",\"position\":2,\"name\":\"Home page\"}]},{\"@type\":\"WebSite\",\"@id\":\"https:\\\/\\\/restaurant-de.berghotelladinia.it\\\/#website\",\"url\":\"https:\\\/\\\/restaurant-de.berghotelladinia.it\\\/\",\"name\":\"Restaurant Berghotel Ladinia\",\"description\":\"Corvara 1.568 mt\",\"publisher\":{\"@id\":\"https:\\\/\\\/restaurant-de.berghotelladinia.it\\\/#organization\"},\"potentialAction\":[{\"@type\":\"SearchAction\",\"target\":{\"@type\":\"EntryPoint\",\"urlTemplate\":\"https:\\\/\\\/restaurant-de.berghotelladinia.it\\\/?s={search_term_string}\"},\"query-input\":{\"@type\":\"PropertyValueSpecification\",\"valueRequired\":true,\"valueName\":\"search_term_string\"}}],\"inLanguage\":\"de\"},{\"@type\":\"Organization\",\"@id\":\"https:\\\/\\\/restaurant-de.berghotelladinia.it\\\/#organization\",\"name\":\"Restaurant Berghotel Ladinia\",\"url\":\"https:\\\/\\\/restaurant-de.berghotelladinia.it\\\/\",\"logo\":{\"@type\":\"ImageObject\",\"inLanguage\":\"de\",\"@id\":\"https:\\\/\\\/restaurant-de.berghotelladinia.it\\\/#\\\/schema\\\/logo\\\/image\\\/\",\"url\":\"https:\\\/\\\/restaurant-de.berghotelladinia.it\\\/wp-content\\\/uploads\\\/2024\\\/08\\\/bhl-logo-512x512-1.png\",\"contentUrl\":\"https:\\\/\\\/restaurant-de.berghotelladinia.it\\\/wp-content\\\/uploads\\\/2024\\\/08\\\/bhl-logo-512x512-1.png\",\"width\":512,\"height\":512,\"caption\":\"Restaurant Berghotel Ladinia\"},\"image\":{\"@id\":\"https:\\\/\\\/restaurant-de.berghotelladinia.it\\\/#\\\/schema\\\/logo\\\/image\\\/\"}}]}<\/script>\n<!-- \/ Yoast SEO plugin. -->","yoast_head_json":{"title":"Home page - Restaurant Berghotel Ladinia","description":"Das zum Abendessen ge\u00f6ffnete Restaurant im Berghotel Ladinia verw\u00f6hnt den Gaumen und w\u00e4rmt das Herz. Seit 1930 Gastfreundschaft und Empfang in Corvara.","robots":{"index":"index","follow":"follow","max-snippet":"max-snippet:-1","max-image-preview":"max-image-preview:large","max-video-preview":"max-video-preview:-1"},"canonical":"https:\/\/restaurant-de.berghotelladinia.it\/","og_locale":"de_DE","og_type":"article","og_title":"Home page - Restaurant Berghotel Ladinia","og_description":"Das zum Abendessen ge\u00f6ffnete Restaurant im Berghotel Ladinia verw\u00f6hnt den Gaumen und w\u00e4rmt das Herz. Seit 1930 Gastfreundschaft und Empfang in Corvara.","og_url":"https:\/\/restaurant-de.berghotelladinia.it\/","og_site_name":"Restaurant Berghotel Ladinia","article_modified_time":"2023-12-13T11:01:43+00:00","twitter_card":"summary_large_image","twitter_misc":{"Gesch\u00e4tzte Lesezeit":"3\u00a0Minuten"},"schema":{"@context":"https:\/\/schema.org","@graph":[{"@type":"WebPage","@id":"https:\/\/restaurant-de.berghotelladinia.it\/","url":"https:\/\/restaurant-de.berghotelladinia.it\/","name":"Home page - Restaurant Berghotel Ladinia","isPartOf":{"@id":"https:\/\/restaurant-de.berghotelladinia.it\/#website"},"datePublished":"2023-06-27T12:28:37+00:00","dateModified":"2023-12-13T11:01:43+00:00","description":"Das zum Abendessen ge\u00f6ffnete Restaurant im Berghotel Ladinia verw\u00f6hnt den Gaumen und w\u00e4rmt das Herz. Seit 1930 Gastfreundschaft und Empfang in Corvara.","breadcrumb":{"@id":"https:\/\/restaurant-de.berghotelladinia.it\/#breadcrumb"},"inLanguage":"de","potentialAction":[{"@type":"ReadAction","target":["https:\/\/restaurant-de.berghotelladinia.it\/"]}]},{"@type":"BreadcrumbList","@id":"https:\/\/restaurant-de.berghotelladinia.it\/#breadcrumb","itemListElement":[{"@type":"ListItem","position":1,"name":"Home","item":"https:\/\/restaurant-de.berghotelladinia.it\/"},{"@type":"ListItem","position":2,"name":"Home page"}]},{"@type":"WebSite","@id":"https:\/\/restaurant-de.berghotelladinia.it\/#website","url":"https:\/\/restaurant-de.berghotelladinia.it\/","name":"Restaurant Berghotel Ladinia","description":"Corvara 1.568 mt","publisher":{"@id":"https:\/\/restaurant-de.berghotelladinia.it\/#organization"},"potentialAction":[{"@type":"SearchAction","target":{"@type":"EntryPoint","urlTemplate":"https:\/\/restaurant-de.berghotelladinia.it\/?s={search_term_string}"},"query-input":{"@type":"PropertyValueSpecification","valueRequired":true,"valueName":"search_term_string"}}],"inLanguage":"de"},{"@type":"Organization","@id":"https:\/\/restaurant-de.berghotelladinia.it\/#organization","name":"Restaurant Berghotel Ladinia","url":"https:\/\/restaurant-de.berghotelladinia.it\/","logo":{"@type":"ImageObject","inLanguage":"de","@id":"https:\/\/restaurant-de.berghotelladinia.it\/#\/schema\/logo\/image\/","url":"https:\/\/restaurant-de.berghotelladinia.it\/wp-content\/uploads\/2024\/08\/bhl-logo-512x512-1.png","contentUrl":"https:\/\/restaurant-de.berghotelladinia.it\/wp-content\/uploads\/2024\/08\/bhl-logo-512x512-1.png","width":512,"height":512,"caption":"Restaurant Berghotel Ladinia"},"image":{"@id":"https:\/\/restaurant-de.berghotelladinia.it\/#\/schema\/logo\/image\/"}}]}},"_links":{"self":[{"href":"https:\/\/restaurant-de.berghotelladinia.it\/index.php?rest_route=\/wp\/v2\/pages\/2","targetHints":{"allow":["GET"]}}],"collection":[{"href":"https:\/\/restaurant-de.berghotelladinia.it\/index.php?rest_route=\/wp\/v2\/pages"}],"about":[{"href":"https:\/\/restaurant-de.berghotelladinia.it\/index.php?rest_route=\/wp\/v2\/types\/page"}],"author":[{"embeddable":true,"href":"https:\/\/restaurant-de.berghotelladinia.it\/index.php?rest_route=\/wp\/v2\/users\/1"}],"replies":[{"embeddable":true,"href":"https:\/\/restaurant-de.berghotelladinia.it\/index.php?rest_route=%2Fwp%2Fv2%2Fcomments&post=2"}],"version-history":[{"count":14,"href":"https:\/\/restaurant-de.berghotelladinia.it\/index.php?rest_route=\/wp\/v2\/pages\/2\/revisions"}],"predecessor-version":[{"id":61,"href":"https:\/\/restaurant-de.berghotelladinia.it\/index.php?rest_route=\/wp\/v2\/pages\/2\/revisions\/61"}],"wp:attachment":[{"href":"https:\/\/restaurant-de.berghotelladinia.it\/index.php?rest_route=%2Fwp%2Fv2%2Fmedia&parent=2"}],"curies":[{"name":"wp","href":"https:\/\/api.w.org\/{rel}","templated":true}]}}